e thousands digit of g(27)?
4
Let t(g) = g**2 - g - 24. Let r be t(6). Suppose 0 = 2*i + r*d - 4*d - 208, -4*i + 407 = d. Let z = -36 + i. What is the units digit of z?
5
What is the tens digit of (20341971/(-52))/(-37) + 5/4?
7
Let i be 7 - (3 - 4/1). Let x(j) = 9*j**2 - 16*j + 19. What is the tens digit of x(i)?
6
Let c = -265 + 268. Suppose -114 = -c*t + 279. What is the units digit of t?
1
Let b(c) = c**3 + 64*c**2 - 76*c - 195. What is the ten thousands digit of b(-54)?
3
Let k(u) = -22 - 196*u**3 + 21 - 40*u**3 - 2*u. What is the units digit of k(-1)?
7
Let i(k) = 46*k**2 - 8*k + 2. Let r be i(4). Let v = 42 + -23. Suppose 5*c - v = r. What is the units digit of c?
5
Suppose 3*a + 60 = -9*g, -50*g + 30 = 2*a - 54*g. Let l(c) = 4 - 4 - c + 108*c**3. What is the hundreds digit of l(a)?
1
Let v(x) = -572*x - 21. Let s be (1 - 11/7)/((-34)/(-119)). What is the hundreds digit of v(s)?
1
Let w = 5 + -2. Suppose -7*u + 16*u = 2718. Suppose 8 = 4*n, s + n - u = -w*s. What is the units digit of s?
5
What is the units digit of -126*((-7875)/135 + -3*2)?
6
Let i(h) be the second derivative of 2*h**4/3 + 31*h**3/2 - 9*h**2/2 - 111*h. What is the tens digit of i(-16)?
5
Let i = -38430 - -79205. What is the thousands digit of i?
0
Suppose -5*u = 104*u - 3889883. What is the hundreds digit of u?
6
Let h(t) = -3*t**3 - 3*t**2 - 201. Let w(n) = -4*n**3 - 4*n**2 + 2*n - 203. Let j(q) = -3*h(q) + 2*w(q). What is the hundreds digit of j(0)?
1
Let j be (0 + (-5)/(-10))/(1/10). Suppose 163 = j*v + 3*s, -3 + 5 = 2*s. What is the units digit of 1*(-1 - -3)*v?
4
Suppose 33*x - 59 = 271. Suppose -4*t + x*t - 3366 = 0. What is the units digit of t?
1
Suppose -203*j + 195*j = -13784. Let n = j - 719. What is the units digit of n?
4
What is the hundreds digit of (-1)/5 + ((-4)/(-50))/(107/11009230)?
2
Let n be 3*35/(-42)*-2. Suppose -n*x + 4*w = -779 - 616, -3*w = 0. What is the hundreds digit of x?
2
Suppose -3652 = -3*l + 2*n, 4*n - 4856 = -4*l - 0*n. Suppose 0*c = 8*c - l. What is the units digit of c?
2
Let a(c) = 34*c + 147. Suppose -149 = -5*m + 2*f, 2*m - 57 - 9 = 4*f. What is the units digit of a(m)?
3
Let r = 11 - 8. Let q(j) = -j**3 - 22*j**2 - 16*j + 108. Let t be q(-21). Suppose -4*l = -20, i - r = -i + t*l. What is the units digit of i?
9
Let i(m) = 3*m**3 - 41*m**2 + 25*m + 45. What is the units digit of i(20)?
5
Let y = 30 + -38. Let u(s) = 6*s + 49. Let f be u(y). What is the tens digit of f*1/(-5) - 6968/(-40)?
7
Suppose -51*l - 4133 = -2*r - 56*l, -18 = 2*l. What is the thousands digit of r?
2
Let y be 3/2*(5 + (-6018)/(-18)). Let g = 1211 - 450. Suppose 5*f - 2*f = k + g, -2*f + y = -k. What is the hundreds digit of f?
2
Let d(o) = -o**3 - 10*o**2 - 6*o - 13. Let m be d(-12). Let v = m + 38. What is the hundreds digit of v?
3
Suppose -49*g - 1480713 = 54*g - 5449612. What is the units digit of g?
3
Suppose 173*f - 8219363 + 1318220 = 0. What is the hundreds digit of f?
8
What is the thousands digit of 50799/1652*4072/6?
0
What is the tens digit of 76*(-1 - 0)*(-10925)/100?
0
Let f = -26 + 29. Suppose 3*q + f*y - 830 = 4*y, q - 3*y - 282 = 0. What is the units digit of q?
6
Let b(n) = -3*n**3 - 5*n**2 + 3*n + 3. Let p be b(-5). Suppose -3*y + 758 = 4*r, 3*y = 2*y - 5*r + p. Suppose 11*f - y = 8*f. What is the tens digit of f?
8
Suppose -n + 0*n - 15 = 3*y, -n + 3*y - 9 = 0. What is the hundreds digit of ((-15)/n - 1)/(1/1348)?
3
Suppose -50*d + 12858 = 4*u - 52*d, -5*u = 2*d - 16077. What is the units digit of u?
5
Let x = -29 - -31. Let t(m) = 2*m**2 - m**x + 11 - 3*m**2 + 0*m**2 - 20*m. What is the units digit of t(-6)?
9
Let o(j) = -144*j + 21. Let d be o(-4). Let c = d - 420. Let f = c - 10. What is the tens digit of f?
6
What is the tens digit of (0 - 0) + 3/(68040/(-22683) - -3)?
6
What is the thousands digit of 20303 - ((-15)/(-3) - 12)?
0
Let n(x) be the second derivative of -x**3 - 5*x**2 + 23*x. Let t be n(-2). Suppose 5*p + w = 751, -2*w - t*w + 154 = p. What is the units digit of p?
0
Suppose -4*w - 31*j + 26*j - 93 = 0, -2*w - j = 51. Let x(d) = 4*d**2 + 49*d - 27. What is the thousands digit of x(w)?
1
Let a(s) = 6*s - 7. Let f be a(3). Suppose 5*i - f = -31. What is the tens digit of (3/i)/(12 + -11)*-180?
3
Let r(m) = m**3 - 18*m**2 - 2*m + 121. Suppose u - 5*f - 43 = -2*u, 5*f - 20 = 0. What is the hundreds digit of r(u)?
4
Let l = -73 + 73. Suppose -2*m + 19 - 3 = l. Suppose m*k + 34 = 9*k. What is the tens digit of k?
3
Let v = -394 + 422. What is the tens digit of ((-24)/v)/(12/(-5656))?
0
Let y(j) = 172*j + 27806. What is the hundreds digit of y(0)?
8
Suppose -9*x = -23*x + 70. Suppose -5*f + 990 = -x*i, -2*f - 5*i + i = -408. What is the units digit of f?
0
Suppose 0 = -0*s - s + 3*y + 3, 5*s - 5*y - 5 = 0. Suppose -m = -0*m - 4*l - 3, s = -5*m + 5*l. What is the units digit of 5/((-7)/8 - m)?
0
Suppose -17 = -2*d - 2*h - 3*h, -48 = -4*d + 4*h. Suppose 0 = 12*i - d*i - 472. Suppose 2*u + i = 4*g, 58 = g - 5*u - 60. What is the hundreds digit of g?
1
Let c = 148 + -150. Let i(w) = 3*w + 13. Let l be i(c). Suppose -a = -l*a + 1644. What is the units digit of a?
4
Suppose 30*a + 56602 = 17*a. What is the thousands digit of (-300)/(-200) - a/4?
1
Let t(l) = -2*l**2 + 5*l + 10. Let v be t(-10). Let o be (-3)/((-5)/(v/(-9))). Let d = o - -18. What is the tens digit of d?
3
Let s(f) = 3*f. Let g(u) = 197*u + 11. Let w(x) = g(x) - s(x). What is the units digit of w(3)?
3
Let x(w) = -13*w**2 - 9*w - 3*w**2 + 17 + 7*w**2 + 6*w**2 + 2 + 9*w**3. What is the tens digit of x(5)?
2
Suppose 41907 - 140487 = -31*d. Suppose 2*y + 6*o - 1598 = o, -d = -4*y - 2*o. What is the tens digit of y?
9
Suppose -4*w = 7*f - 2*f - 115, 23 = 2*f - 3*w. Suppose -18*b - 1 = -f*b. Let p(z) = 243*z - 8. What is the tens digit of p(b)?
3
Suppose -1124*p + 51850 = -1107*p. What is the thousands digit of p?
3
Let k be (-1 + 57)/(3/6). Suppose -162 = -5*x + 188. Let q = k - x. What is the tens digit of q?
4
Let o be -20 + -14 - (-2)/(-1 - 1). Let t = -14 - -10. What is the units digit of t/(12/(-15)) - o?
0
Let q(z) = 14*z**2 - 261*z + 16. What is the tens digit of q(-16)?
7
Let n(h) = -968*h**3 + 4*h**2 + 6*h - 4. What is the hundreds digit of n(-2)?
7
Let i be 752/144 + (20/(-9) - -2). Suppose 0 = -n + 3, -2*w + i*n - 169 = -w. What is the tens digit of w/(-4) - (-3)/2?
4
Let r(h) = -h**3 - 53*h**2 - 22*h - 91. Let s = 466 + -519. What is the hundreds digit of r(s)?
0
Suppose -s - s = 2*b + 2, 0 = 5*b + 3*s - 3. Suppose 0 = b*a + 6, 3*p + 2*p - 3*a = 4451. Suppose 2*c + p = 9*c. What is the tens digit of c?
2
Suppose -5*v + 38*c = 35*c - 288611, 0 = 2*c + 14. What is the units digit of v?
8
Suppose 12*z = 21395 - 5651. What is the hundreds digit of z?
3
Suppose -25*x + 400368 = 22*x + 138343. What is the hundreds digit of x?
5
Suppose 2*v - 11 + 7 = 0. Suppose -v*a = -3*b - 968, 5*b - 2*a + 1766 - 154 = 0. Let s = b - -473. What is the tens digit of s?
5
Let f(v) = v**3 - 6*v**2 + 5*v + 3. Let z be f(5). Suppose z*u + 5*m = 4*u + 161, 0 = -3*u - m - 547. Let i = -93 - u. What is the tens digit of i?
8
Let x(j) = -j + 15. Let n be x(10). Suppose 810 = -n*f + 8*f. What is the hundreds digit of f?
2
Let m = 7779 + -1965. What is the units digit of m?
4
Suppose 8740 = 3*a - p, -a + 2*p + 557 + 2358 = 0. What is the units digit of a?
3
Suppose 0 = 15*v - 12*v - 7074. Suppose 3*i + 5*u = u + v, -5*i + 3930 = u. What is the units digit of i?
6
Let d(a) = 23 + 40*a + 398*a**2 - 394*a**2 - 133. What is the hundreds digit of d(-20)?
6
Suppose 5*q = -6*r + r + 25190, 3*r = 5*q - 25222. What is the thousands digit of q?
5
Let w(m) = 42*m**2 - 209*m - 37. What is the thousands digit of w(15)?
6
Let w = 78170 - 20084. What is the hundreds digit of w?
0
Let i(j) be the first derivative of 16*j**4 - j**3/3 - j**2 + 2*j + 181. Let z = 0 + 1. What is the tens digit of i(z)?
6
Suppose -5*y + 24 = -4*h, 3*y + y + h - 15 = 0. Let f be -4*4/40 + 477/5. Let w = f + y. What is the tens digit of w?
9
Let b(i) = 276*i + 206. What is the tens digit of b(30)?
8
Suppose 5*m - 56 = 139. Suppose -m*l = -32*l - 175. What is the tens digit of 151/5 - l/125?
3
What is the thousands digit of -33*((-1)/3 + 2700/(-15))?
5
Let t(a) = -113*a - 50. Let z(f) = f**3 + 2*f**2. Let g be z(-3). Let v b